{"id":3268,"date":"2022-07-10T15:22:52","date_gmt":"2022-07-10T18:22:52","guid":{"rendered":"https:\/\/projetos.ricardoivanov.com.br\/tektech\/?post_type=product&#038;p=3268"},"modified":"2022-07-10T15:25:47","modified_gmt":"2022-07-10T18:25:47","slug":"fone-de-ouvido-com-fio-kapbom-ka-713","status":"publish","type":"product","link":"https:\/\/projetos.ricardoivanov.com.br\/tektech\/produto\/fone-de-ouvido-com-fio-kapbom-ka-713\/","title":{"rendered":"Fone de Ouvido com Fio Kapbom &#8211; KA-713"},"content":{"rendered":"<p>Ao contr\u00e1rio dos fones de ouvido tradicionais, o design destes fones \u00e9 definido pela geometria da orelha. Por isso, eles s\u00e3o mais confort\u00e1veis para as pessoas exigentes do que outros fones de ouvido tradicionais ou intra-auriculares.<\/p>\n<p>Os alto-falantes projetados para minimizar a perda e maximizar a sa\u00edda do som, o que gera \u00e1udio de alta qualidade.<\/p>\n<p>Possui microfone e controle embutido no cabo que permite atender chamadas telef\u00f4nicas e gerenciar a reprodu\u00e7\u00e3o de m\u00fasicas.<\/p>\n<p>&nbsp;<\/p>\n<p><strong>Especifica\u00e7\u00f5es<\/strong>:<\/p>\n<ul>\n<li>Di\u00e2metro 15mm<\/li>\n<li>Capacidade de admiss\u00e3o de pot\u00eancia 50 mW<\/li>\n<li>Imped\u00e2ncia: 32 Ohms 1KHz<\/li>\n<li>Sensibilidade: 108 dV\/mW<\/li>\n<li>Resposta de frequ\u00eancia: 12-22000Hz<\/li>\n<li>Comprimento do cabo: 120 cm<\/li>\n<\/ul>\n<p>&nbsp;<\/p>\n<figure class=\"image\"><img decoding=\"async\" class=\"aligncenter\" style=\"width: 300px;\" src=\"https:\/\/projetos.ricardoivanov.com.br\/tektech\/wp-content\/uploads\/2022\/07\/7dias-garantia.jpg\" \/><\/figure>\n","protected":false},"excerpt":{"rendered":"<p>Ao contr\u00e1rio dos fones de ouvido tradicionais, o design destes fones \u00e9 definido pela geometria da orelha. Por isso, eles s\u00e3o mais confort\u00e1veis para as pessoas exigentes do que outros fones de ouvido tradicionais ou intra-auriculares. Os alto-falantes projetados para minimizar a perda e maximizar a sa\u00edda do som, o que gera \u00e1udio de alta [&hellip;]<\/p>\n","protected":false},"featured_media":3269,"comment_status":"open","ping_status":"closed","template":"","meta":[],"product_brand":[],"product_cat":[22,26],"product_tag":[],"class_list":{"0":"post-3268","1":"product","2":"type-product","3":"status-publish","4":"has-post-thumbnail","6":"product_cat-fone","7":"product_cat-mobile","9":"first","10":"instock","11":"shipping-taxable","12":"purchasable","13":"product-type-simple"},"_links":{"self":[{"href":"https:\/\/projetos.ricardoivanov.com.br\/tektech\/wp-json\/wp\/v2\/product\/3268","targetHints":{"allow":["GET"]}}],"collection":[{"href":"https:\/\/projetos.ricardoivanov.com.br\/tektech\/wp-json\/wp\/v2\/product"}],"about":[{"href":"https:\/\/projetos.ricardoivanov.com.br\/tektech\/wp-json\/wp\/v2\/types\/product"}],"replies":[{"embeddable":true,"href":"https:\/\/projetos.ricardoivanov.com.br\/tektech\/wp-json\/wp\/v2\/comments?post=3268"}],"wp:featuredmedia":[{"embeddable":true,"href":"https:\/\/projetos.ricardoivanov.com.br\/tektech\/wp-json\/wp\/v2\/media\/3269"}],"wp:attachment":[{"href":"https:\/\/projetos.ricardoivanov.com.br\/tektech\/wp-json\/wp\/v2\/media?parent=3268"}],"wp:term":[{"taxonomy":"product_brand","embeddable":true,"href":"https:\/\/projetos.ricardoivanov.com.br\/tektech\/wp-json\/wp\/v2\/product_brand?post=3268"},{"taxonomy":"product_cat","embeddable":true,"href":"https:\/\/projetos.ricardoivanov.com.br\/tektech\/wp-json\/wp\/v2\/product_cat?post=3268"},{"taxonomy":"product_tag","embeddable":true,"href":"https:\/\/projetos.ricardoivanov.com.br\/tektech\/wp-json\/wp\/v2\/product_tag?post=3268"}],"curies":[{"name":"wp","href":"https:\/\/api.w.org\/{rel}","templated":true}]}}