{"id":3226,"date":"2022-07-09T15:35:40","date_gmt":"2022-07-09T18:35:40","guid":{"rendered":"https:\/\/projetos.ricardoivanov.com.br\/tektech\/?post_type=product&#038;p=3226"},"modified":"2022-07-09T15:35:41","modified_gmt":"2022-07-09T18:35:41","slug":"teclado-gamer-c3tech-abnt2-usb-kg-10bk","status":"publish","type":"product","link":"https:\/\/projetos.ricardoivanov.com.br\/tektech\/produto\/teclado-gamer-c3tech-abnt2-usb-kg-10bk\/","title":{"rendered":"Teclado Gamer C3TECH ABNT2 USB KG-10BK"},"content":{"rendered":"<p><strong>Especifica\u00e7\u00f5es T\u00e9cnicas:<\/strong><\/p>\n<p>&#8211; Teclado Gamer ABNT 2<\/p>\n<p>&#8211; Teclas de alta qualidade<\/p>\n<p>&#8211; Estrutura desenvolvida com sistema de antirespingo.<\/p>\n<p>&#8211; Resistente a pequenos derramamentos de l\u00edquidos<\/p>\n<p>&#8211; Compat\u00edvel Sistema Operacional W95\/98\/ME\/NT\/XP, Windows7,8,10, 11 e Linux<\/p>\n<p>&#8211; Tipo: Membrana<\/p>\n<p>&#8211; N\u00fameros de teclas: 107<\/p>\n<p>&#8211; Teclas de Atalhos: 16<\/p>\n<p>&#8211; Atalhos Internet : Pag.Incial \/ Email \/ Voltar \/ Avan\u00e7ar \/ Localizar \/ Parar \/ Atualizar \/ Favoritos<\/p>\n<p>&#8211; Atalhos Multim\u00eddias: Anterior \/ Pr\u00f3xima \/ Parar \/ Reproduzir &amp; Pausar \/<\/p>\n<p>&#8211; Atalhos Volume: Aumentar \/ Diminuir \/ Mudo \/ Multim\u00eddia.<\/p>\n<p>&#8211; Serigrafia das teclas: Silk<\/p>\n<p>&#8211; Durabilidade da tecla: 80 milh\u00f5es de acionamentos<\/p>\n<p>&#8211; Press\u00e3o de acionamento das Teclas: =0.9kgf<\/p>\n<p>&#8211; Elasticidade das teclas: 55\u00b110gf<\/p>\n<p>&#8211; Curso de acionamento da tecla: 0.9 mm<\/p>\n<p>&#8211; Curso total: 4.2 mm + \/ 0.5 mm<\/p>\n<p>&nbsp;<\/p>\n<figure class=\"image\"><img decoding=\"async\" class=\"aligncenter\" style=\"width: 300px;\" src=\"https:\/\/projetos.ricardoivanov.com.br\/tektech\/wp-content\/uploads\/2022\/07\/7dias-garantia.jpg\" \/><\/figure>\n","protected":false},"excerpt":{"rendered":"<p>Especifica\u00e7\u00f5es T\u00e9cnicas: &#8211; Teclado Gamer ABNT 2 &#8211; Teclas de alta qualidade &#8211; Estrutura desenvolvida com sistema de antirespingo. &#8211; Resistente a pequenos derramamentos de l\u00edquidos &#8211; Compat\u00edvel Sistema Operacional W95\/98\/ME\/NT\/XP, Windows7,8,10, 11 e Linux &#8211; Tipo: Membrana &#8211; N\u00fameros de teclas: 107 &#8211; Teclas de Atalhos: 16 &#8211; Atalhos Internet : Pag.Incial \/ Email [&hellip;]<\/p>\n","protected":false},"featured_media":3227,"comment_status":"open","ping_status":"closed","template":"","meta":[],"product_brand":[],"product_cat":[21],"product_tag":[181],"class_list":{"0":"post-3226","1":"product","2":"type-product","3":"status-publish","4":"has-post-thumbnail","6":"product_cat-para-pc","7":"product_tag-com-fio","9":"first","10":"instock","11":"shipping-taxable","12":"purchasable","13":"product-type-simple"},"_links":{"self":[{"href":"https:\/\/projetos.ricardoivanov.com.br\/tektech\/wp-json\/wp\/v2\/product\/3226","targetHints":{"allow":["GET"]}}],"collection":[{"href":"https:\/\/projetos.ricardoivanov.com.br\/tektech\/wp-json\/wp\/v2\/product"}],"about":[{"href":"https:\/\/projetos.ricardoivanov.com.br\/tektech\/wp-json\/wp\/v2\/types\/product"}],"replies":[{"embeddable":true,"href":"https:\/\/projetos.ricardoivanov.com.br\/tektech\/wp-json\/wp\/v2\/comments?post=3226"}],"wp:featuredmedia":[{"embeddable":true,"href":"https:\/\/projetos.ricardoivanov.com.br\/tektech\/wp-json\/wp\/v2\/media\/3227"}],"wp:attachment":[{"href":"https:\/\/projetos.ricardoivanov.com.br\/tektech\/wp-json\/wp\/v2\/media?parent=3226"}],"wp:term":[{"taxonomy":"product_brand","embeddable":true,"href":"https:\/\/projetos.ricardoivanov.com.br\/tektech\/wp-json\/wp\/v2\/product_brand?post=3226"},{"taxonomy":"product_cat","embeddable":true,"href":"https:\/\/projetos.ricardoivanov.com.br\/tektech\/wp-json\/wp\/v2\/product_cat?post=3226"},{"taxonomy":"product_tag","embeddable":true,"href":"https:\/\/projetos.ricardoivanov.com.br\/tektech\/wp-json\/wp\/v2\/product_tag?post=3226"}],"curies":[{"name":"wp","href":"https:\/\/api.w.org\/{rel}","templated":true}]}}