{"id":3223,"date":"2022-07-09T15:20:23","date_gmt":"2022-07-09T18:20:23","guid":{"rendered":"https:\/\/projetos.ricardoivanov.com.br\/tektech\/?post_type=product&#038;p=3223"},"modified":"2022-07-09T15:20:24","modified_gmt":"2022-07-09T18:20:24","slug":"teclado-gamer-usb-abnt2-multimidia-exbom-bk-144m","status":"publish","type":"product","link":"https:\/\/projetos.ricardoivanov.com.br\/tektech\/produto\/teclado-gamer-usb-abnt2-multimidia-exbom-bk-144m\/","title":{"rendered":"Teclado Gamer Usb ABNT2 Multim\u00eddia Exbom BK-144M"},"content":{"rendered":"<p>Explore ao m\u00e1ximo de suas habilidades com um equipamento de qualidade.<\/p>\n<p>Teclado completo com conex\u00e3o USB, alta velocidade de resposta<\/p>\n<p>Teclado Profissional para Jogos muito mais confort\u00e1vel<\/p>\n<p>Layout Abnt2 Brasil com tecla &#8220;\u00c7&#8221;<\/p>\n<p>Informa\u00e7\u00f5es T\u00e9cnicas<\/p>\n<p>10 teclas multim\u00eddia na parte superior do teclado<\/p>\n<p>Conex\u00e3o: USB 2.0<\/p>\n<p>Tipo de Teclado: Padr\u00e3o &#8211; ABNT2 \/ Com fio<\/p>\n<p>Compatibilidade: Windows, linux e Mac IOS<\/p>\n<p>Comprimento do cabo: 1,20m<\/p>\n<p>&nbsp;<\/p>\n<figure class=\"image\"><img decoding=\"async\" class=\"aligncenter\" style=\"width: 300px;\" src=\"https:\/\/projetos.ricardoivanov.com.br\/tektech\/wp-content\/uploads\/2022\/07\/7dias-garantia.jpg\" \/><\/figure>\n","protected":false},"excerpt":{"rendered":"<p>Explore ao m\u00e1ximo de suas habilidades com um equipamento de qualidade. Teclado completo com conex\u00e3o USB, alta velocidade de resposta Teclado Profissional para Jogos muito mais confort\u00e1vel Layout Abnt2 Brasil com tecla &#8220;\u00c7&#8221; Informa\u00e7\u00f5es T\u00e9cnicas 10 teclas multim\u00eddia na parte superior do teclado Conex\u00e3o: USB 2.0 Tipo de Teclado: Padr\u00e3o &#8211; ABNT2 \/ Com fio [&hellip;]<\/p>\n","protected":false},"featured_media":3224,"comment_status":"open","ping_status":"closed","template":"","meta":[],"product_brand":[],"product_cat":[21],"product_tag":[181],"class_list":{"0":"post-3223","1":"product","2":"type-product","3":"status-publish","4":"has-post-thumbnail","6":"product_cat-para-pc","7":"product_tag-com-fio","9":"first","10":"instock","11":"shipping-taxable","12":"purchasable","13":"product-type-simple"},"_links":{"self":[{"href":"https:\/\/projetos.ricardoivanov.com.br\/tektech\/wp-json\/wp\/v2\/product\/3223","targetHints":{"allow":["GET"]}}],"collection":[{"href":"https:\/\/projetos.ricardoivanov.com.br\/tektech\/wp-json\/wp\/v2\/product"}],"about":[{"href":"https:\/\/projetos.ricardoivanov.com.br\/tektech\/wp-json\/wp\/v2\/types\/product"}],"replies":[{"embeddable":true,"href":"https:\/\/projetos.ricardoivanov.com.br\/tektech\/wp-json\/wp\/v2\/comments?post=3223"}],"wp:featuredmedia":[{"embeddable":true,"href":"https:\/\/projetos.ricardoivanov.com.br\/tektech\/wp-json\/wp\/v2\/media\/3224"}],"wp:attachment":[{"href":"https:\/\/projetos.ricardoivanov.com.br\/tektech\/wp-json\/wp\/v2\/media?parent=3223"}],"wp:term":[{"taxonomy":"product_brand","embeddable":true,"href":"https:\/\/projetos.ricardoivanov.com.br\/tektech\/wp-json\/wp\/v2\/product_brand?post=3223"},{"taxonomy":"product_cat","embeddable":true,"href":"https:\/\/projetos.ricardoivanov.com.br\/tektech\/wp-json\/wp\/v2\/product_cat?post=3223"},{"taxonomy":"product_tag","embeddable":true,"href":"https:\/\/projetos.ricardoivanov.com.br\/tektech\/wp-json\/wp\/v2\/product_tag?post=3223"}],"curies":[{"name":"wp","href":"https:\/\/api.w.org\/{rel}","templated":true}]}}