{"id":3211,"date":"2022-07-09T14:47:26","date_gmt":"2022-07-09T17:47:26","guid":{"rendered":"https:\/\/projetos.ricardoivanov.com.br\/tektech\/?post_type=product&#038;p=3211"},"modified":"2022-08-03T12:30:52","modified_gmt":"2022-08-03T15:30:52","slug":"mouse-pad-gamer-extra-grande-estrela-de-lobo-70x35x03-cm-exbom-mp-7035c02","status":"publish","type":"product","link":"https:\/\/projetos.ricardoivanov.com.br\/tektech\/produto\/mouse-pad-gamer-extra-grande-estrela-de-lobo-70x35x03-cm-exbom-mp-7035c02\/","title":{"rendered":"Mouse Pad Gamer Extra Grande Star Wolf 70x35cm Exbom MP-7035C02"},"content":{"rendered":"<p>O mouse pad gamer extra grande da Exbom tem formato retangular e tamanho de 70 x 35 cm com tr\u00eas mil\u00edmetros de espessura. Desenvolvido originalmente para o exigente p\u00fablico gamer, vem cada vez mais sendo objeto de interesse de usu\u00e1rios convencionais que se debru\u00e7am horas sobre o computador e precisam de conforto e qualidade.<\/p>\n<p>O produto apresenta base em borracha natural para maior ader\u00eancia, cantos arredondados, bordas com costura refor\u00e7ada que n\u00e3o desfiam e garantem maior durabilidade, superf\u00edcie suave ao toque revestida em tecido especial com poliuretano para maior controle e precis\u00e3o no uso do mouse.<\/p>\n<p>&nbsp;<\/p>\n<p><strong>Especifica\u00e7\u00f5es T\u00e9cnicas<\/strong><\/p>\n<p>Base em borracha natural<\/p>\n<p>Superf\u00edcie em tecido especial com poliuretano<\/p>\n<p>Bordas costuradas<\/p>\n<p>Acomoda o mouse e o teclado<\/p>\n<p>Ideal para o uso de todo tipo de mouse<\/p>\n<p>Dimens\u00f5es aproximadas do produto (A x L x P): 70,0 x 35,0 x 0,3 cm<\/p>\n<p>&nbsp;<\/p>\n<figure class=\"image\"><img decoding=\"async\" class=\"aligncenter\" style=\"width: 300px;\" src=\"https:\/\/projetos.ricardoivanov.com.br\/tektech\/wp-content\/uploads\/2022\/07\/7dias-garantia.jpg\" \/><\/figure>\n","protected":false},"excerpt":{"rendered":"<p>O mouse pad gamer extra grande da Exbom tem formato retangular e tamanho de 70 x 35 cm com tr\u00eas mil\u00edmetros de espessura. Desenvolvido originalmente para o exigente p\u00fablico gamer, vem cada vez mais sendo objeto de interesse de usu\u00e1rios convencionais que se debru\u00e7am horas sobre o computador e precisam de conforto e qualidade. O [&hellip;]<\/p>\n","protected":false},"featured_media":3212,"comment_status":"open","ping_status":"closed","template":"","meta":[],"product_brand":[],"product_cat":[21],"product_tag":[186],"class_list":{"0":"post-3211","1":"product","2":"type-product","3":"status-publish","4":"has-post-thumbnail","6":"product_cat-para-pc","7":"product_tag-gamer","9":"first","10":"instock","11":"shipping-taxable","12":"purchasable","13":"product-type-simple"},"_links":{"self":[{"href":"https:\/\/projetos.ricardoivanov.com.br\/tektech\/wp-json\/wp\/v2\/product\/3211","targetHints":{"allow":["GET"]}}],"collection":[{"href":"https:\/\/projetos.ricardoivanov.com.br\/tektech\/wp-json\/wp\/v2\/product"}],"about":[{"href":"https:\/\/projetos.ricardoivanov.com.br\/tektech\/wp-json\/wp\/v2\/types\/product"}],"replies":[{"embeddable":true,"href":"https:\/\/projetos.ricardoivanov.com.br\/tektech\/wp-json\/wp\/v2\/comments?post=3211"}],"wp:featuredmedia":[{"embeddable":true,"href":"https:\/\/projetos.ricardoivanov.com.br\/tektech\/wp-json\/wp\/v2\/media\/3212"}],"wp:attachment":[{"href":"https:\/\/projetos.ricardoivanov.com.br\/tektech\/wp-json\/wp\/v2\/media?parent=3211"}],"wp:term":[{"taxonomy":"product_brand","embeddable":true,"href":"https:\/\/projetos.ricardoivanov.com.br\/tektech\/wp-json\/wp\/v2\/product_brand?post=3211"},{"taxonomy":"product_cat","embeddable":true,"href":"https:\/\/projetos.ricardoivanov.com.br\/tektech\/wp-json\/wp\/v2\/product_cat?post=3211"},{"taxonomy":"product_tag","embeddable":true,"href":"https:\/\/projetos.ricardoivanov.com.br\/tektech\/wp-json\/wp\/v2\/product_tag?post=3211"}],"curies":[{"name":"wp","href":"https:\/\/api.w.org\/{rel}","templated":true}]}}