{"id":3185,"date":"2022-07-08T15:53:02","date_gmt":"2022-07-08T18:53:02","guid":{"rendered":"https:\/\/projetos.ricardoivanov.com.br\/tektech\/?post_type=product&#038;p=3185"},"modified":"2022-07-08T16:06:45","modified_gmt":"2022-07-08T19:06:45","slug":"headset-basic-trends-fn-30bk-conexao-p3","status":"publish","type":"product","link":"https:\/\/projetos.ricardoivanov.com.br\/tektech\/produto\/headset-basic-trends-fn-30bk-conexao-p3\/","title":{"rendered":"Headset Basic Trends FN-30BK Conex\u00e3o P3"},"content":{"rendered":"<p><strong>ESPECIFICA\u00c7\u00d5ES<\/strong><\/p>\n<p>Conector: 2xP2 &#8211; 2Vias<\/p>\n<p>Controle volume: Sim (No Cabo)<\/p>\n<p>Cor: Preto<\/p>\n<p>Imped\u00e2ncia: 32 Ohms<\/p>\n<p>Pot\u00eancia: 100mW<\/p>\n<p>Dimens\u00f5es: L 160 x A 195 x P 220 mm<\/p>\n<p>Frequ\u00eancia: 20Hz a 20kHz<\/p>\n<p>P3 3,5mm est\u00e9reo<\/p>\n<p>Sensibilidade: 105dB a 1kHz<\/p>\n<p>Comprimento do Cabo: 1,8 metros<\/p>\n<p>&nbsp;<\/p>\n<figure class=\"image\"><img decoding=\"async\" class=\"aligncenter\" style=\"width: 300px;\" src=\"https:\/\/projetos.ricardoivanov.com.br\/tektech\/wp-content\/uploads\/2022\/07\/7dias-garantia.jpg\" \/><\/figure>\n","protected":false},"excerpt":{"rendered":"<p>ESPECIFICA\u00c7\u00d5ES Conector: 2xP2 &#8211; 2Vias Controle volume: Sim (No Cabo) Cor: Preto Imped\u00e2ncia: 32 Ohms Pot\u00eancia: 100mW Dimens\u00f5es: L 160 x A 195 x P 220 mm Frequ\u00eancia: 20Hz a 20kHz P3 3,5mm est\u00e9reo Sensibilidade: 105dB a 1kHz Comprimento do Cabo: 1,8 metros &nbsp;<\/p>\n","protected":false},"featured_media":3186,"comment_status":"open","ping_status":"closed","template":"","meta":[],"product_brand":[],"product_cat":[179],"product_tag":[190,189,187,185,91,188],"class_list":{"0":"post-3185","1":"product","2":"type-product","3":"status-publish","4":"has-post-thumbnail","6":"product_cat-headsets","7":"product_tag-barato","8":"product_tag-basico","9":"product_tag-escritorio","10":"product_tag-headfone","11":"product_tag-headphone","12":"product_tag-trabalho","14":"first","15":"instock","16":"shipping-taxable","17":"purchasable","18":"product-type-simple"},"_links":{"self":[{"href":"https:\/\/projetos.ricardoivanov.com.br\/tektech\/wp-json\/wp\/v2\/product\/3185","targetHints":{"allow":["GET"]}}],"collection":[{"href":"https:\/\/projetos.ricardoivanov.com.br\/tektech\/wp-json\/wp\/v2\/product"}],"about":[{"href":"https:\/\/projetos.ricardoivanov.com.br\/tektech\/wp-json\/wp\/v2\/types\/product"}],"replies":[{"embeddable":true,"href":"https:\/\/projetos.ricardoivanov.com.br\/tektech\/wp-json\/wp\/v2\/comments?post=3185"}],"wp:featuredmedia":[{"embeddable":true,"href":"https:\/\/projetos.ricardoivanov.com.br\/tektech\/wp-json\/wp\/v2\/media\/3186"}],"wp:attachment":[{"href":"https:\/\/projetos.ricardoivanov.com.br\/tektech\/wp-json\/wp\/v2\/media?parent=3185"}],"wp:term":[{"taxonomy":"product_brand","embeddable":true,"href":"https:\/\/projetos.ricardoivanov.com.br\/tektech\/wp-json\/wp\/v2\/product_brand?post=3185"},{"taxonomy":"product_cat","embeddable":true,"href":"https:\/\/projetos.ricardoivanov.com.br\/tektech\/wp-json\/wp\/v2\/product_cat?post=3185"},{"taxonomy":"product_tag","embeddable":true,"href":"https:\/\/projetos.ricardoivanov.com.br\/tektech\/wp-json\/wp\/v2\/product_tag?post=3185"}],"curies":[{"name":"wp","href":"https:\/\/api.w.org\/{rel}","templated":true}]}}