{"id":2841,"date":"2022-06-26T15:27:34","date_gmt":"2022-06-26T18:27:34","guid":{"rendered":"https:\/\/projetos.ricardoivanov.com.br\/tektech\/?post_type=product&#038;p=2841"},"modified":"2022-07-07T22:09:30","modified_gmt":"2022-07-08T01:09:30","slug":"cabo-de-alta-velocidade-tipo-c-3-0-com-15-metros-branco","status":"publish","type":"product","link":"https:\/\/projetos.ricardoivanov.com.br\/tektech\/produto\/cabo-de-alta-velocidade-tipo-c-3-0-com-15-metros-branco\/","title":{"rendered":"Cabo De Alta Velocidade Tipo C 3.0 Com 1,5 Metros Branco"},"content":{"rendered":"<p>Cabo de alta velocidade Type C \/ Tipo C 3.0<br \/>\n1,5 Metros x 4mm<br \/>\nCor Branca<br \/>\nCompat\u00edvel com todos os dispositivos com entrada USB do Tipo C<\/p>\n<p>Utiliza\u00e7\u00e3o:<br \/>\n&#8211; carregamento<br \/>\n&#8211; transmiss\u00e3o de dados<br \/>\n&#8211; sincroniza\u00e7\u00e3o<\/p>\n<p>Conte\u00fado da Embalagem:<br \/>\n-1 Cabo Tipo C<\/p>\n<p>Recomenda\u00e7\u00e3o: Celulares e Tablets Android com entrada USB Tipo C<\/p>\n<p>&nbsp;<\/p>\n<figure class=\"image\"><img decoding=\"async\" class=\"aligncenter\" style=\"width: 300px;\" src=\"https:\/\/projetos.ricardoivanov.com.br\/tektech\/wp-content\/uploads\/2022\/07\/7dias-garantia.jpg\" \/><\/figure>\n","protected":false},"excerpt":{"rendered":"<p>Cabo de alta velocidade Type C \/ Tipo C 3.0 1,5 Metros x 4mm Cor Branca Compat\u00edvel com todos os dispositivos com entrada USB do Tipo C Utiliza\u00e7\u00e3o: &#8211; carregamento &#8211; transmiss\u00e3o de dados &#8211; sincroniza\u00e7\u00e3o Conte\u00fado da Embalagem: -1 Cabo Tipo C Recomenda\u00e7\u00e3o: Celulares e Tablets Android com entrada USB Tipo C &nbsp;<\/p>\n","protected":false},"featured_media":2843,"comment_status":"open","ping_status":"closed","template":"","meta":[],"product_brand":[],"product_cat":[26],"product_tag":[173,182,183],"class_list":{"0":"post-2841","1":"product","2":"type-product","3":"status-publish","4":"has-post-thumbnail","6":"product_cat-mobile","7":"product_tag-cabo-usb","8":"product_tag-tipo-c","9":"product_tag-usb-c","11":"first","12":"instock","13":"sale","14":"shipping-taxable","15":"purchasable","16":"product-type-simple"},"_links":{"self":[{"href":"https:\/\/projetos.ricardoivanov.com.br\/tektech\/wp-json\/wp\/v2\/product\/2841","targetHints":{"allow":["GET"]}}],"collection":[{"href":"https:\/\/projetos.ricardoivanov.com.br\/tektech\/wp-json\/wp\/v2\/product"}],"about":[{"href":"https:\/\/projetos.ricardoivanov.com.br\/tektech\/wp-json\/wp\/v2\/types\/product"}],"replies":[{"embeddable":true,"href":"https:\/\/projetos.ricardoivanov.com.br\/tektech\/wp-json\/wp\/v2\/comments?post=2841"}],"wp:featuredmedia":[{"embeddable":true,"href":"https:\/\/projetos.ricardoivanov.com.br\/tektech\/wp-json\/wp\/v2\/media\/2843"}],"wp:attachment":[{"href":"https:\/\/projetos.ricardoivanov.com.br\/tektech\/wp-json\/wp\/v2\/media?parent=2841"}],"wp:term":[{"taxonomy":"product_brand","embeddable":true,"href":"https:\/\/projetos.ricardoivanov.com.br\/tektech\/wp-json\/wp\/v2\/product_brand?post=2841"},{"taxonomy":"product_cat","embeddable":true,"href":"https:\/\/projetos.ricardoivanov.com.br\/tektech\/wp-json\/wp\/v2\/product_cat?post=2841"},{"taxonomy":"product_tag","embeddable":true,"href":"https:\/\/projetos.ricardoivanov.com.br\/tektech\/wp-json\/wp\/v2\/product_tag?post=2841"}],"curies":[{"name":"wp","href":"https:\/\/api.w.org\/{rel}","templated":true}]}}