{"id":1315,"date":"2022-03-24T23:20:36","date_gmt":"2022-03-25T02:20:36","guid":{"rendered":"https:\/\/projetos.ricardoivanov.com.br\/tektech\/?page_id=1315"},"modified":"2022-07-31T15:33:30","modified_gmt":"2022-07-31T18:33:30","slug":"rastreio","status":"publish","type":"page","link":"https:\/\/projetos.ricardoivanov.com.br\/tektech\/rastreio\/","title":{"rendered":"Rastreio"},"content":{"rendered":"\t\t<div data-elementor-type=\"wp-page\" data-elementor-id=\"1315\" class=\"elementor elementor-1315\" data-elementor-post-type=\"page\">\n\t\t\t\t\t\t<section class=\"elementor-section elementor-top-section elementor-element elementor-element-5bf8799 elementor-section-boxed elementor-section-height-default elementor-section-height-default\" data-id=\"5bf8799\" data-element_type=\"section\" data-e-type=\"section\" data-settings=\"{&quot;background_background&quot;:&quot;classic&quot;}\">\n\t\t\t\t\t\t<div class=\"elementor-container elementor-column-gap-default\">\n\t\t\t\t\t<div class=\"elementor-column elementor-col-100 elementor-top-column elementor-element elementor-element-9e41841\" data-id=\"9e41841\" data-element_type=\"column\" data-e-type=\"column\">\n\t\t\t<div class=\"elementor-widget-wrap elementor-element-populated\">\n\t\t\t\t\t\t<div class=\"elementor-element elementor-element-e83b320 elementor-widget elementor-widget-heading\" data-id=\"e83b320\" data-element_type=\"widget\" data-e-type=\"widget\" data-widget_type=\"heading.default\">\n\t\t\t\t<div class=\"elementor-widget-container\">\n\t\t\t\t\t<h2 class=\"elementor-heading-title elementor-size-default\">Rastreie Seu Pedido<\/h2>\t\t\t\t<\/div>\n\t\t\t\t<\/div>\n\t\t\t\t<div class=\"elementor-element elementor-element-9dd916d elementor-widget-divider--view-line elementor-widget elementor-widget-divider\" data-id=\"9dd916d\" data-element_type=\"widget\" data-e-type=\"widget\" data-widget_type=\"divider.default\">\n\t\t\t\t<div class=\"elementor-widget-container\">\n\t\t\t\t\t\t\t<div class=\"elementor-divider\">\n\t\t\t<span class=\"elementor-divider-separator\">\n\t\t\t\t\t\t<\/span>\n\t\t<\/div>\n\t\t\t\t\t\t<\/div>\n\t\t\t\t<\/div>\n\t\t\t\t\t<\/div>\n\t\t<\/div>\n\t\t\t\t\t<\/div>\n\t\t<\/section>\n\t\t\t\t<section class=\"elementor-section elementor-top-section elementor-element elementor-element-641cb99 elementor-section-boxed elementor-section-height-default elementor-section-height-default\" data-id=\"641cb99\" data-element_type=\"section\" data-e-type=\"section\">\n\t\t\t\t\t\t<div class=\"elementor-container elementor-column-gap-no\">\n\t\t\t\t\t<div class=\"elementor-column elementor-col-100 elementor-top-column elementor-element elementor-element-c8dc722\" data-id=\"c8dc722\" data-element_type=\"column\" data-e-type=\"column\">\n\t\t\t<div class=\"elementor-widget-wrap elementor-element-populated\">\n\t\t\t\t<!-- dce invisible element cb9564a -->\t\t\t<\/div>\n\t\t<\/div>\n\t\t\t\t\t<\/div>\n\t\t<\/section>\n\t\t\t\t<section class=\"elementor-section elementor-top-section elementor-element elementor-element-1d07e35 elementor-section-boxed elementor-section-height-default elementor-section-height-default\" data-id=\"1d07e35\" data-element_type=\"section\" data-e-type=\"section\">\n\t\t\t\t\t\t<div class=\"elementor-container elementor-column-gap-default\">\n\t\t\t\t\t<div class=\"elementor-column elementor-col-100 elementor-top-column elementor-element elementor-element-3def40b\" data-id=\"3def40b\" data-element_type=\"column\" data-e-type=\"column\">\n\t\t\t<div class=\"elementor-widget-wrap elementor-element-populated\">\n\t\t\t\t\t\t<div class=\"elementor-element elementor-element-85fe49e elementor-widget elementor-widget-text-editor\" data-id=\"85fe49e\" data-element_type=\"widget\" data-e-type=\"widget\" data-widget_type=\"text-editor.default\">\n\t\t\t\t<div class=\"elementor-widget-container\">\n\t\t\t\t\t\t\t\t\t<p>Insira o c\u00f3digo de rastreamento do seu pedido no campo abaixo<\/p>\t\t\t\t\t\t\t\t<\/div>\n\t\t\t\t<\/div>\n\t\t\t\t<div class=\"elementor-element elementor-element-47975cf elementor-widget elementor-widget-html\" data-id=\"47975cf\" data-element_type=\"widget\" data-e-type=\"widget\" data-widget_type=\"html.default\">\n\t\t\t\t<div class=\"elementor-widget-container\">\n\t\t\t\t\t<div id=\"rastreio\"><\/div> <script> var a = document.createElement(\"script\");\r\na.src = \"https:\/\/rastreio.ninja\/w\/app.js?v=\" + Date.now(); document.head.appendChild(a); <\/script>\t\t\t\t<\/div>\n\t\t\t\t<\/div>\n\t\t\t\t<div class=\"elementor-element elementor-element-3803c45 elementor-widget-divider--view-line elementor-widget elementor-widget-divider\" data-id=\"3803c45\" data-element_type=\"widget\" data-e-type=\"widget\" data-widget_type=\"divider.default\">\n\t\t\t\t<div class=\"elementor-widget-container\">\n\t\t\t\t\t\t\t<div class=\"elementor-divider\">\n\t\t\t<span class=\"elementor-divider-separator\">\n\t\t\t\t\t\t<\/span>\n\t\t<\/div>\n\t\t\t\t\t\t<\/div>\n\t\t\t\t<\/div>\n\t\t\t\t\t<\/div>\n\t\t<\/div>\n\t\t\t\t\t<\/div>\n\t\t<\/section>\n\t\t<div class=\"elementor-element elementor-element-cc7e1f4 e-flex e-con-boxed e-con e-parent\" data-id=\"cc7e1f4\" data-element_type=\"container\" data-e-type=\"container\">\n\t\t\t\t\t<div class=\"e-con-inner\">\n\t\t\t\t<div class=\"elementor-element elementor-element-8aced26 elementor-widget elementor-widget-heading\" data-id=\"8aced26\" data-element_type=\"widget\" data-e-type=\"widget\" data-widget_type=\"heading.default\">\n\t\t\t\t<div class=\"elementor-widget-container\">\n\t\t\t\t\t<h2 class=\"elementor-heading-title elementor-size-default\">Onde est\u00e1 meu c\u00f3digo de rastreio?<\/h2>\t\t\t\t<\/div>\n\t\t\t\t<\/div>\n\t\t\t\t<div class=\"elementor-element elementor-element-7d74997 elementor-widget elementor-widget-text-editor\" data-id=\"7d74997\" data-element_type=\"widget\" data-e-type=\"widget\" data-widget_type=\"text-editor.default\">\n\t\t\t\t<div class=\"elementor-widget-container\">\n\t\t\t\t\t\t\t\t\t<p>Ao finalizar uma compra e, depois de seu produto for\u00a0<strong>processado,\u00a0<\/strong>voc\u00ea receber\u00e1 o c\u00f3digo de rastreio no e-mail da sua conta.<\/p><p>\u00c9 importante verificar a caixa de <strong>SPAM e PROMO\u00c7\u00d5ES\u00a0<\/strong>para ter certeza de que recebeu seu c\u00f3digo.<\/p><p>Obs: seu pedido pode levar at\u00e9 2 dias \u00fateis para ser processado!<\/p><p>Voc\u00ea tamb\u00e9m pode ver o c\u00f3digo de rastreio na p\u00e1gina <strong><a href=\"https:\/\/projetos.ricardoivanov.com.br\/tektech\/minha-conta\/\">Minha Conta<\/a> &gt; <a href=\"https:\/\/projetos.ricardoivanov.com.br\/tektech\/minha-conta\/orders\/\">Pedidos<\/a> &gt; Visualizar<\/strong><\/p><p>Caso esteja com dificuldade ou problemas com seu c\u00f3digo, entre em contato com nossa equipe clicando <a href=\"https:\/\/wa.me\/+5511914661349\" target=\"_blank\" rel=\"noopener\">aqui<\/a>.<\/p>\t\t\t\t\t\t\t\t<\/div>\n\t\t\t\t<\/div>\n\t\t\t\t\t<\/div>\n\t\t\t\t<\/div>\n\t\t\t\t<\/div>\n\t\t","protected":false},"excerpt":{"rendered":"<p>Rastreie Seu Pedido Minha Conta Endere\u00e7os Pedidos Sair Insira o c\u00f3digo de rastreamento do seu pedido no campo abaixo Onde est\u00e1 meu c\u00f3digo de rastreio? Ao finalizar uma compra e, depois de seu produto for\u00a0processado,\u00a0voc\u00ea receber\u00e1 o c\u00f3digo de rastreio no e-mail da sua conta. \u00c9 importante verificar a caixa de SPAM e PROMO\u00c7\u00d5ES\u00a0para ter [&hellip;]<\/p>\n","protected":false},"author":1,"featured_media":0,"parent":0,"menu_order":0,"comment_status":"closed","ping_status":"closed","template":"elementor_header_footer","meta":{"footnotes":""},"class_list":["post-1315","page","type-page","status-publish","hentry"],"_links":{"self":[{"href":"https:\/\/projetos.ricardoivanov.com.br\/tektech\/wp-json\/wp\/v2\/pages\/1315","targetHints":{"allow":["GET"]}}],"collection":[{"href":"https:\/\/projetos.ricardoivanov.com.br\/tektech\/wp-json\/wp\/v2\/pages"}],"about":[{"href":"https:\/\/projetos.ricardoivanov.com.br\/tektech\/wp-json\/wp\/v2\/types\/page"}],"author":[{"embeddable":true,"href":"https:\/\/projetos.ricardoivanov.com.br\/tektech\/wp-json\/wp\/v2\/users\/1"}],"replies":[{"embeddable":true,"href":"https:\/\/projetos.ricardoivanov.com.br\/tektech\/wp-json\/wp\/v2\/comments?post=1315"}],"version-history":[{"count":0,"href":"https:\/\/projetos.ricardoivanov.com.br\/tektech\/wp-json\/wp\/v2\/pages\/1315\/revisions"}],"wp:attachment":[{"href":"https:\/\/projetos.ricardoivanov.com.br\/tektech\/wp-json\/wp\/v2\/media?parent=1315"}],"curies":[{"name":"wp","href":"https:\/\/api.w.org\/{rel}","templated":true}]}}